{"id":1899,"date":"2021-09-29T18:59:10","date_gmt":"2021-09-29T16:59:10","guid":{"rendered":"https:\/\/www.comertia.net\/?page_id=1899"},"modified":"2021-09-29T19:49:25","modified_gmt":"2021-09-29T17:49:25","slug":"politica-de-privacidad","status":"publish","type":"page","link":"https:\/\/www.comertia.net\/es\/politica-de-privacidad\/","title":{"rendered":"Pol\u00edtica de privacidad"},"content":{"rendered":"<p><strong>\u00bfQui\u00e9n es el responsable del tratamiento de tus datos personales? <\/strong><\/p>\n<p><strong>COMERTIA <\/strong>es el RESPONSABLE del tratamiento de los datos personales del USUARIO y le informa que estos datos se tratar\u00e1n de conformidad con lo que dispone Reglamento (UE) 2016\/679, de 27 de abril (GDPR), y la Ley Org\u00e1nica 3\/2018, de 5 de diciembre (LOPDGDD).<\/p>\n<p><strong>\u00bfPor qu\u00e9 tratamos tus datos personales? <\/strong><\/p>\n<p>Para mantener una relaci\u00f3n comercial con el usuario. Las operaciones previstas para el tratamiento son:<\/p>\n<ul>\n<li>Remesa de comunicaciones comerciales publicitarias por e-mail, fax, SMS, MMS, redes sociales o cualquier otro medio electr\u00f3nico o f\u00edsico, presente o futuro, que permita efectuar comunicaciones comerciales. Estas comunicaciones se har\u00e1n por medio del RESPONSABLE y est\u00e1n relacionadas con sus productos y servicios, o con sus colaboradores o proveedores, con los que haya llegado a alg\u00fan acuerdo de promoci\u00f3n. En este caso, los terceros nunca tendr\u00e1n acceso a los datos personales.<\/li>\n<li>Efectuar estudios de mercado y an\u00e1lisis estad\u00edsticos.<\/li>\n<li>Tramitar encargos, solicitudes, dar respuesta a las consultas o cualquier tipo de petici\u00f3n que haga el USUARIO a trav\u00e9s de cualquiera de las formas de contacto que se ponen a su disposici\u00f3n en la p\u00e1gina web del RESPONSABLE.<\/li>\n<li>Enviar el bolet\u00edn informativo online, sobre novedades, ofertas y promociones en nuestra actividad.<\/li>\n<\/ul>\n<p><strong><br \/>\n\u00bfPor qu\u00e9 motivo podemos tratar tus datos personales?<\/strong><\/p>\n<p>Para que el tratamiento est\u00e1 legitimado por el art\u00edculo 6 del GDPR de la siguiente manera:<\/p>\n<ul>\n<li>Con el consentimiento del USUARIO: env\u00edo de comunicaciones comerciales y del bolet\u00edn informativo.<\/li>\n<li>Por inter\u00e9s leg\u00edtimo del RESPONSABLE: efectuar estudios de mercado, an\u00e1lisis estad\u00edsticos, etc. y tramitar encargos, solicitudes, etc. a petici\u00f3n del USUARIO.<\/li>\n<\/ul>\n<p><strong><br \/>\n\u00bfDurante cu\u00e1nto tiempo guardaremos tus datos personales?<\/strong><\/p>\n<p>Se conservar\u00e1n durante no m\u00e1s tiempo del necesario para mantener la finalidad del tratamiento o mientras haya prescripciones legales que en dictaminen la custodia y cuando ya no sea necesario para ello, se suprimir\u00e1n con medidas de seguridad adecuadas para garantizar el anonimato de los datos o su destrucci\u00f3n total.<\/p>\n<p><strong><br \/>\n<\/strong><strong>\u00bfA qui\u00e9n facilitamos tus datos personales?<\/strong><\/p>\n<p>No est\u00e1 prevista ninguna comunicaci\u00f3n de datos personales a terceros salvo, si fuera necesario para el desarrollo y ejecuci\u00f3n de las finalidades del tratamiento, a nuestros proveedores de servicios relacionados con comunicaciones, con los que el RESPONSABLE ha formalizado los contratos de confidencialidad y de encargado de tratamiento exigidos por la normativa vigente de privacidad.<\/p>\n<p><strong><br \/>\n\u00bfCu\u00e1les son tus derechos?<\/strong><\/p>\n<p>Los derechos que tiene el USUARIO son:<\/p>\n<ul>\n<li>Derecho a retirar el consentimiento en cualquier momento.<\/li>\n<li>Derecho de acceso, rectificaci\u00f3n, portabilidad y supresi\u00f3n de sus datos y de limitaci\u00f3n u oposici\u00f3n a su tratamiento.<\/li>\n<li>Derecho a presentar una reclamaci\u00f3n ante la autoridad de control (www.aepd.es) si considera que el tratamiento no se ajusta a la normativa vigente.<\/li>\n<\/ul>\n<p><strong><br \/>\nDato de contacto para ejercer sus derechos: <\/strong><\/p>\n<p>Domicilio social: Diagonal 652, \/ Edificio Cambra del Comer\u00e7. 08006 Barcelona (BARCELONA)<br \/>\nTel\u00e9fono: (+34) 93.794.73.07\/09<br \/>\ne-mail: administracio@comertia.net<\/p>\n<p><strong><br \/>\nCAR\u00c1CTER OBLIGATORIO O FACULTATIVO DE LA INFORMACI\u00d3N FACILITADA POR EL USUARIO<\/strong><\/p>\n<p>Los USUARIOS, a trav\u00e9s de las casillas correspondientes y la introducci\u00f3n de datos en los campos, marcados con el asterisco (*) en el formulario de contacto o presentados en formularios de descarga, aceptan expresamente y de manera libre e inequ\u00edvoca, que sus datos son necesarios para la atenci\u00f3n de su petici\u00f3n, por parte del prestador, y que por tanto la inclusi\u00f3n de los datos en los campos restantes es voluntaria. El USUARIO garantiza que los datos personales facilitados al RESPONSABLE son veraces y se hace responsable de comunicar cualquier modificaci\u00f3n.<\/p>\n<p>El RESPONSABLE informa que todos los datos solicitados a trav\u00e9s del sitio web son obligatorios, ya que son necesarias para la prestaci\u00f3n de un servicio \u00f3ptimo al USUARIO. En caso de que no se faciliten todos los datos, no se garantiza que la informaci\u00f3n y servicios facilitados ajusten completamente a sus necesidades.<\/p>\n<p><strong><br \/>\nMEDIDAS DE SEGURIDAD<\/strong><\/p>\n<p>Que, de conformidad con lo establecido en las normativas vigentes en protecci\u00f3n de datos personales, el RESPONSABLE est\u00e1 cumpliendo con todas las disposiciones de las normativas GDPR y LOPDGDD para el tratamiento de los datos personales de su responsabilidad, y manifiestamente con los principios descritos en el art\u00edculo 5 del GDPR, por los que se tratan de manera l\u00edcita, leal y transparente en relaci\u00f3n con el interesado y adecuados, pertinentes y limitadas a lo que es necesario en relaci\u00f3n con las finalidades para las que se tratan.<\/p>\n<p>El RESPONSABLE garantiza que ha implementado pol\u00edticas t\u00e9cnicas y organizativas apropiadas para aplicar las medidas de seguridad que establecen el GDPR y la LOPDGDD para proteger los derechos y libertades de los USUARIOS y les ha comunicado la informaci\u00f3n adecuada para que puedan ejercerlos.<\/p>\n<p>Para m\u00e1s informaci\u00f3n sobre las garant\u00edas de privacidad, puedes dirigirte al RESPONSABLE a trav\u00e9s de:<\/p>\n<p>Domicilio social: Diagonal 652, \/ Edificio Cambra del Comer\u00e7. 08006 Barcelona (BARCELONA)<br \/>\nTel\u00e9fono: (+34) 93.794.73.07\/09. e-mail: administracio@comertia.net<\/p>\n","protected":false},"excerpt":{"rendered":"<p>\u00bfQui\u00e9n es el responsable del tratamiento de tus datos personales? COMERTIA es el RESPONSABLE del tratamiento de los datos personales del USUARIO y le informa que estos datos se tratar\u00e1n de conformidad con lo que dispone Reglamento (UE) 2016\/679, de 27 de abril (GDPR), y la Ley Org\u00e1nica 3\/2018, de 5 de diciembre (LOPDGDD). \u00bfPor [&hellip;]<\/p>\n","protected":false},"author":4,"featured_media":0,"parent":0,"menu_order":99,"comment_status":"closed","ping_status":"closed","template":"","meta":{"_acf_changed":false,"footnotes":""},"class_list":["post-1899","page","type-page","status-publish","hentry"],"acf":[],"_links":{"self":[{"href":"https:\/\/www.comertia.net\/es\/wp-json\/wp\/v2\/pages\/1899","targetHints":{"allow":["GET"]}}],"collection":[{"href":"https:\/\/www.comertia.net\/es\/wp-json\/wp\/v2\/pages"}],"about":[{"href":"https:\/\/www.comertia.net\/es\/wp-json\/wp\/v2\/types\/page"}],"author":[{"embeddable":true,"href":"https:\/\/www.comertia.net\/es\/wp-json\/wp\/v2\/users\/4"}],"replies":[{"embeddable":true,"href":"https:\/\/www.comertia.net\/es\/wp-json\/wp\/v2\/comments?post=1899"}],"version-history":[{"count":2,"href":"https:\/\/www.comertia.net\/es\/wp-json\/wp\/v2\/pages\/1899\/revisions"}],"predecessor-version":[{"id":1905,"href":"https:\/\/www.comertia.net\/es\/wp-json\/wp\/v2\/pages\/1899\/revisions\/1905"}],"wp:attachment":[{"href":"https:\/\/www.comertia.net\/es\/wp-json\/wp\/v2\/media?parent=1899"}],"curies":[{"name":"wp","href":"https:\/\/api.w.org\/{rel}","templated":true}]}}

Política de privacidad

<p><strong>¿Quién es el responsable del tratamiento de tus datos personales? </strong></p>
<p><strong>COMERTIA </strong>es el RESPONSABLE del tratamiento de los datos personales del USUARIO y le informa que estos datos se tratarán de conformidad con lo que dispone Reglamento (UE) 2016/679, de 27 de abril (GDPR), y la Ley Orgánica 3/2018, de 5 de diciembre (LOPDGDD).</p>
<p><strong>¿Por qué tratamos tus datos personales? </strong></p>
<p>Para mantener una relación comercial con el usuario. Las operaciones previstas para el tratamiento son:</p>
<ul>
<li>Remesa de comunicaciones comerciales publicitarias por e-mail, fax, SMS, MMS, redes sociales o cualquier otro medio electrónico o físico, presente o futuro, que permita efectuar comunicaciones comerciales. Estas comunicaciones se harán por medio del RESPONSABLE y están relacionadas con sus productos y servicios, o con sus colaboradores o proveedores, con los que haya llegado a algún acuerdo de promoción. En este caso, los terceros nunca tendrán acceso a los datos personales.</li>
<li>Efectuar estudios de mercado y análisis estadísticos.</li>
<li>Tramitar encargos, solicitudes, dar respuesta a las consultas o cualquier tipo de petición que haga el USUARIO a través de cualquiera de las formas de contacto que se ponen a su disposición en la página web del RESPONSABLE.</li>
<li>Enviar el boletín informativo online, sobre novedades, ofertas y promociones en nuestra actividad.</li>
</ul>
<p><strong><br />
¿Por qué motivo podemos tratar tus datos personales?</strong></p>
<p>Para que el tratamiento está legitimado por el artículo 6 del GDPR de la siguiente manera:</p>
<ul>
<li>Con el consentimiento del USUARIO: envío de comunicaciones comerciales y del boletín informativo.</li>
<li>Por interés legítimo del RESPONSABLE: efectuar estudios de mercado, análisis estadísticos, etc. y tramitar encargos, solicitudes, etc. a petición del USUARIO.</li>
</ul>
<p><strong><br />
¿Durante cuánto tiempo guardaremos tus datos personales?</strong></p>
<p>Se conservarán durante no más tiempo del necesario para mantener la finalidad del tratamiento o mientras haya prescripciones legales que en dictaminen la custodia y cuando ya no sea necesario para ello, se suprimirán con medidas de seguridad adecuadas para garantizar el anonimato de los datos o su destrucción total.</p>
<p><strong><br />
</strong><strong>¿A quién facilitamos tus datos personales?</strong></p>
<p>No está prevista ninguna comunicación de datos personales a terceros salvo, si fuera necesario para el desarrollo y ejecución de las finalidades del tratamiento, a nuestros proveedores de servicios relacionados con comunicaciones, con los que el RESPONSABLE ha formalizado los contratos de confidencialidad y de encargado de tratamiento exigidos por la normativa vigente de privacidad.</p>
<p><strong><br />
¿Cuáles son tus derechos?</strong></p>
<p>Los derechos que tiene el USUARIO son:</p>
<ul>
<li>Derecho a retirar el consentimiento en cualquier momento.</li>
<li>Derecho de acceso, rectificación, portabilidad y supresión de sus datos y de limitación u oposición a su tratamiento.</li>
<li>Derecho a presentar una reclamación ante la autoridad de control (www.aepd.es) si considera que el tratamiento no se ajusta a la normativa vigente.</li>
</ul>
<p><strong><br />
Dato de contacto para ejercer sus derechos: </strong></p>
<p>Domicilio social: Diagonal 652, / Edificio Cambra del Comerç. 08006 Barcelona (BARCELONA)<br />
Teléfono: (+34) 93.794.73.07/09<br />
e-mail: administracio@comertia.net</p>
<p><strong><br />
CARÁCTER OBLIGATORIO O FACULTATIVO DE LA INFORMACIÓN FACILITADA POR EL USUARIO</strong></p>
<p>Los USUARIOS, a través de las casillas correspondientes y la introducción de datos en los campos, marcados con el asterisco (*) en el formulario de contacto o presentados en formularios de descarga, aceptan expresamente y de manera libre e inequívoca, que sus datos son necesarios para la atención de su petición, por parte del prestador, y que por tanto la inclusión de los datos en los campos restantes es voluntaria. El USUARIO garantiza que los datos personales facilitados al RESPONSABLE son veraces y se hace responsable de comunicar cualquier modificación.</p>
<p>El RESPONSABLE informa que todos los datos solicitados a través del sitio web son obligatorios, ya que son necesarias para la prestación de un servicio óptimo al USUARIO. En caso de que no se faciliten todos los datos, no se garantiza que la información y servicios facilitados ajusten completamente a sus necesidades.</p>
<p><strong><br />
MEDIDAS DE SEGURIDAD</strong></p>
<p>Que, de conformidad con lo establecido en las normativas vigentes en protección de datos personales, el RESPONSABLE está cumpliendo con todas las disposiciones de las normativas GDPR y LOPDGDD para el tratamiento de los datos personales de su responsabilidad, y manifiestamente con los principios descritos en el artículo 5 del GDPR, por los que se tratan de manera lícita, leal y transparente en relación con el interesado y adecuados, pertinentes y limitadas a lo que es necesario en relación con las finalidades para las que se tratan.</p>
<p>El RESPONSABLE garantiza que ha implementado políticas técnicas y organizativas apropiadas para aplicar las medidas de seguridad que establecen el GDPR y la LOPDGDD para proteger los derechos y libertades de los USUARIOS y les ha comunicado la información adecuada para que puedan ejercerlos.</p>
<p>Para más información sobre las garantías de privacidad, puedes dirigirte al RESPONSABLE a través de:</p>
<p>Domicilio social: Diagonal 652, / Edificio Cambra del Comerç. 08006 Barcelona (BARCELONA)<br />
Teléfono: (+34) 93.794.73.07/09. e-mail: administracio@comertia.net</p>

<p>¿Quién es el responsable del tratamiento de tus datos personales? COMERTIA es el RESPONSABLE del tratamiento de los datos personales del USUARIO y le informa que estos datos se tratarán de conformidad con lo que dispone Reglamento (UE) 2016/679, de 27 de abril (GDPR), y la Ley Orgánica 3/2018, de 5 de diciembre (LOPDGDD). ¿Por [&hellip;]</p>
